1507
In base 2, what is -1000001101111 + -100011101?
-1000110001100
In base 10, what is 107 - 96160?
-96053
In base 7, what is 0 - -111353665?
111353665
In base 9, what is 2275 + -4672?
-2386
In base 16, what is -1a2eaaf + -3?
-1a2eab2
In base 13, what is -59 - -99b85?
99b29
In base 2, what is 1100011011100001 + -1000011001?
1100010011001000
In base 8, what is 606022 + 0?
606022
In base 4, what is 1 + -21103012311031?
-21103012311030
In base 14, what is 1789044 + 4?
1789048
In base 14, what is d8462 - 249?
d8217
In base 3, what is -2 - -12021022111?
12021022102
In base 12, what is 495 - -21559?
21a32
In base 13, what is 187ba22 - 1?
187ba21
In base 5, what is -44230241 - 3?
-44230244
In base 10, what is -6169459 + -2?
-6169461
In base 16, what is -5 - 10c8e3d?
-10c8e42
In base 12, what is -91 - -1903560?
190348b
In base 2, what is 1100000000001 - -10001101011?
1110001101100
In base 15, what is -2e + -74ea52?
-74ea81
In base 12, what is -1917106 + 0?
-1917106
In base 7, what is 142 - -13543611?
13544053
In base 9, what is 1136 + 7474?
8621
In base 15, what is -1385e6 + 1bd?
-138428
In base 6, what is -105315002 - 3?
-105315005
In base 5, what is -210333431331 + 3?
-210333431323
In base 9, what is -16813631 + 32?
-16813588
In base 14, what is 1c9b - ac8?
11b3
In base 8, what is 21561324 - -51?
21561375
In base 7, what is -3465322 + -2?
-3465324
In base 4, what is -31130030122 - -10?
-31130030112
In base 6, what is 3441222 + 1?
3441223
In base 9, what is 354072 - 180?
353782
In base 3, what is -11101022011020 + -11?
-11101022011101
In base 15, what is -1973 - -4730?
2cac
In base 5, what is -1 + -140231034?
-140231040
In base 14, what is 4061 - 36ad?
792
In base 11, what is -26626 + 280?
-26356
In base 13, what is 1c - 614b2?
-61493
In base 10, what is -179994 + 8?
-179986
In base 2, what is 11100110111000110011 - 11?
11100110111000110000
In base 15, what is -20 + -16eba?
-16eda
In base 15, what is 1a - 39d83c?
-39d822
In base 8, what is 1056746 - -2?
1056750
In base 4, what is 1121003210 - 13030?
1120330120
In base 7, what is 43310 + 335?
43645
In base 13, what is 1974b9b8 - -1?
1974b9b9
In base 11, what is -575 + -121257?
-121821
In base 4, what is -1000111213 - -3130?
-1000102023
In base 2, what is -10011010001010 + 10111101100101?
100011011011
In base 14, what is -1 - 847633?
-847634
In base 7, what is 2253624 + -112?
2253512
In base 7, what is 6514306 - -131?
6514440
In base 11, what is 25 - -8155?
817a
In base 16, what is ae80 + 84?
af04
In base 2, what is -110010110110110110 - -11?
-110010110110110011
In base 5, what is -11 + -11301223222?
-11301223233
In base 16, what is 12f - -16257?
16386
In base 16, what is -226 - 6f2dc?
-6f502
In base 9, what is 2 + -2876376?
-2876374
In base 14, what is 538 - -1111?
1649
In base 7, what is -14154145 - 2?
-14154150
In base 5, what is -121304144141 - 3?
-121304144144
In base 15, what is 169d + 72?
1720
In base 12, what is -1696b8107 - -5?
-1696b8102
In base 6, what is -33 + 15335251?
15335214
In base 8, what is -22417 - -6060?
-14337
In base 6, what is -24 + -54114530?
-54114554
In base 2, what is -1101100110 + 1110100101110010111?
1110100100000110001
In base 14, what is 1c10 - -3d7?
2207
In base 3, what is 0 + -112001012020021?
-112001012020021
In base 7, what is 6 - 2154523444?
-2154523435
In base 14, what is 1cb5 - -8?
1cbd
In base 15, what is 4 + 11a8a005?
11a8a009
In base 12, what is 75549 - 1a0?
75369
In base 11, what is -7412 + 69?
-7354
In base 16, what is a9d1c5 + 5?
a9d1ca
In base 16, what is 698 + 1e3?
87b
In base 7, what is -40132652 - -4?
-40132645
In base 4, what is -221323110002 + 120?
-221323103222
In base 15, what is -4055 - 37cc?
-7832
In base 13, what is 1 - c7bc10a?
-c7bc109
In base 10, what is -4098820 - 15?
-4098835
In base 10, what is -48051439 + -11?
-48051450
In base 9, what is 34231 - 2226?
32004
In base 7, what is -1146345163 - -5?
-1146345155
In base 7, what is -1606446315 - -2?
-1606446313
In base 11, what is 25243 + -1311?
23a32
In base 3, what is 11201200102110 - -2?
11201200102112
In base 2, what is -100101011010010 + 10001001011?
-100011010000111
In base 11, what is -6 + 1560540?
1560535
In base 7, what is 124150254 + -102?
124150152
In base 5, what is -4 - -1010434230433?
1010434230424
In base 7, what is 0 - 2661241435?
-2661241435
In base 7, what is 3421 + -1665262?
-1661541
In base 11, what is 1 + -1184a386?
-1184a385
In base 7, what is 2630246 + -42?
2630204
In base 16, what is 3a7 + 9c730?
9cad7
In base 3, what is 2122102212222 + -20?
2122102212202
In base 14, what is -2cd9 - 1aa7?
-49a2
In base 16, what is -154 + 94f?
7fb
In base 16, what is 356 - -1eff?
2255
In base 15, what is 0 - -2eb748?
2eb748
In base 3, what is -20220010211101 - -1022?
-20220010210002
In base 5, what is -1114423 + 314124?
-300244
In base 9, what is -13 + -1264738?
-1264752
In base 10, what is -395677 + -1578?
-397255
In base 14, what is 2 + 1026d72?
1026d74
In base 9, what is -2307807 + 170?
-2307627
In base 12, what is -5 - -57ba0a0?
57ba097
In base 12, what is -15 - 106592?
-1065a7
In base 3, what is -2022102011002 - -220?
-2022102010012
In base 8, what is -16356 - -50?
-16306
In base 8, what is 530274021 + -4?
530274015
In base 10, what is 271948 + 42?
271990
In base 7, what is -1 + -1462035?
-1462036
In base 5, what is -23 + 2200411?
2200333
In base 8, what is -3 - 341561054?
-341561057
In base 8, what is 45 + 622775?
623042
In base 15, what is -30 - 2a53b?
-2a56b
In base 9, what is 3646112 - -472?
3646584
In base 15, what is 439 + e61?
139a
In base 7, what is 2305065 + -6?
2305056
In base 5, what is 2110331 - 413?
2104413
In base 15, what is -4b261 - 5?
-4b266
In base 10, what is -1 - -63710925?
63710924
In base 14, what is 48c0 - 5ca?
42d4
In base 3, what is -211001200 + -211101121?
-1122110021
In base 4, what is -20232031330220 - -11?
-20232031330203
In base 12, what is 2a - -7b7462?
7b7490
In base 14, what is 7405 - -518?
791d
In base 10, what is 534182108 - 5?
534182103
In base 9, what is 5 + -24745458?
-24745453
In base 14, what is 1ca4c21 + -a?
1ca4c15
In base 2, what is -100010 - 1011001011?
-1011101101
In base 5, what is -3 - 1042214202?
-1042214210
In base 3, what is 1222022 - -10211102?
12210201
In base 16, what is -13ebd8 - 2f?
-13ec07
In base 6, what is 51542100 + -25?
51542031
In base 16, what is -86 + dec8b?
dec05
In base 14, what is -3729d8 + -a?
-372a04
In base 6, what is 1231551 - 14535?
1213012
In base 5, what is 4 + -200320102123?
-200320102114
In base 13, what is 72 + -19060?
-18cbb
In base 12, what is 3593b259 + 2?
3593b25b
In base 4, what is -233013211010 + 0?
-233013211010
In base 9, what is 23714 + -64?
23640
In base 2, what is 10001010100000001001110 - 101?
10001010100000001001001
In base 16, what is b8 - -24f4b?
25003
In base 12, what is 0 + 1a527025?
1a527025
In base 14, what is 10a16a5 + -2?
10a16a3
In base 6, what is 1241 - -3504112?
3505353
In base 4, what is -2311112231 - -303?
-2311111322
In base 11, what is 287a + -80553?
-78784
In base 15, what is -3512 + 1e5?
-331c
In base 11, what is 3847 - 31264?
-28518
In base 11, what is 405177a1 + 1?
405177a2
In base 11, what is a24a + -578?
9782
In base 2, what is -110101001 + -111000101001111001?
-111000110000100010
In base 16, what is 748 - 2a36?
-22ee
In base 10, what is -38385249 - 5?
-38385254
In base 15, what is 28abda - 22d?
28a9ac
In base 4, what is -232303100010 + 12?
-232303033332
In base 3, what is 222120221112020010 + 10?
222120221112020020
In base 13, what is -1c0c + -172?
-2081
In base 2, what is -111010100010101011 - 100?
-111010100010101111
In base 6, what is -1032 - 145055?
-150131
In base 3, what is 1200200112 - -202110?
1201102222
In base 11, what is -12075 - 107?
-12181
In base 4, what is 122 - -110011033313?
110011100101
In base 5, what is -112340401403 - 3?
-112340401411
In base 7, what is -5 + 2503111?
2503103
In base 4, what is -10 - 13332022030223?
-13332022030233
In base 16, what is 31e58f - -7?
31e596
In base 11, what is 4200 - -3a74?
8174
In base 14, what is -1c1a + 1a334?
18518
In base 5, what is 2303103 - 2302?
2300301
In base 11, what is 16a7831 - 7?
16a7825
In base 10, what is -193 + 20931?
20738
In base 15, what is -e8cd6d - 34?
-e8cda2
In base 12, what is -172b7a2 + 4?
-172b7